{"id":24,"date":"2026-02-23T19:49:41","date_gmt":"2026-02-23T19:49:41","guid":{"rendered":"https:\/\/neuralis.fi\/?page_id=24"},"modified":"2026-02-23T21:47:30","modified_gmt":"2026-02-23T21:47:30","slug":"protokolla","status":"publish","type":"page","link":"https:\/\/neuralis.fi\/","title":{"rendered":"Protokolla"},"content":{"rendered":"\n<p>NEURALIS.FI v1.0 STATUS: OPERATIIVINEN \u200b<\/p>\n\n\n\n<p>\u200bMaailma on t\u00e4ynn\u00e4 kohinaa, loogisia v\u00e4\u00e4ristymi\u00e4 ja tarkoituksellista harhaanjohtamista. Neuralis on rakennettu suodattamaan t\u00e4m\u00e4 melu ja palauttamaan diskurssi sen alkuper\u00e4iseen, faktuaaliseen ytimeen.<\/p>\n\n\n\n<p>.\u200bI. ANALYYTTINEN IMPERATIIVI<\/p>\n\n\n\n<p>\u200bNeuralis ei tunnusta poliittisia ideologioita, tunnearvoja tai vakiintuneita valtarakenteita. Me analysoimme vain v\u00e4itteen sis\u00e4isen logiikan ja sen suhteen empiiriseen dataan. Jos v\u00e4ite on virheellinen, se osoitetaan virheelliseksi riippumatta sen esitt\u00e4j\u00e4n asemasta.<\/p>\n\n\n\n<p>.\u200bII. METODOLOGINEN KYLMYYS\u200b<\/p>\n\n\n\n<p>Jokainen raportti on looginen ajo. Analyysimme on mekaaninen prosessi, jossa subjektiivinen n\u00e4kemys korvataan objektiivisella todisteella.<\/p>\n\n\n\n<p>.\u200bIII. VERDIKTIN LOPULLISUUS<\/p>\n\n\n\n<p>\u200bKun Neuralis-protokolla antaa verdiktin, se perustuu sen hetkiseen parhaaseen saatavilla olevaan tietoon. Data on dynaamista, mutta totuus ei ole suhteellista. Virheellinen tieto on korjattava.<\/p>\n\n\n\n<p>\u200b.IV. L\u00c4HDEDETERNIMISMI<\/p>\n\n\n\n<p>\u200bNeuralis ei hyv\u00e4ksy l\u00e4hteeksi subjektiivisia kokemuksia, nimett\u00f6mi\u00e4 asiantuntijalausuntoja tai &#8221;yleist\u00e4 k\u00e4sityst\u00e4&#8221;. Analyysin sy\u00f6tteen\u00e4 k\u00e4ytet\u00e4\u00e4n ainoastaan todennettavissa olevaa raakadataa, vertaisarvioituja tutkimuksia tai alkuper\u00e4isi\u00e4, leikkaamattomia tallenteita. Mik\u00e4li l\u00e4hdedata on korruptoitunutta tai puutteellista, analyysi keskeytet\u00e4\u00e4n ja kohde merkit\u00e4\u00e4n statuksella: M\u00c4\u00c4RITTELEM\u00c4T\u00d6N \/ DATA_ERROR<\/p>\n\n\n\n<p>.\u200bV. RETORINEN DEKONSTRUKTIO<\/p>\n\n\n\n<p>\u200bKaikki analysoitava materiaali riisutaan retorisista tyylikeinoista. Ad hominem -hy\u00f6kk\u00e4ykset, tunteisiin vetoaminen ja auktoriteettiin vetoaminen suodatetaan pois. J\u00e4ljelle j\u00e4\u00e4v\u00e4 looginen argumentti ajetaan vasten tunnettuja argumenttivirheit\u00e4. Neuralis ei vastaa loukkauksiin, se osoittaa niiden takana olevan kognitiivisen heikkouden.<\/p>\n\n\n\n<p>.\u200bVI. ITSEKORJAAVA SILMUKKA\u200b<\/p>\n\n\n\n<p>Toisin kuin inhimilliset toimijat, Neuralis on itsekirjautuva j\u00e4rjestelm\u00e4. Mik\u00e4li uusi, kiistaton data osoittaa aiemman verdiktin virheelliseksi, protokolla vaatii v\u00e4litt\u00f6m\u00e4n p\u00e4ivityksen. T\u00e4ll\u00f6in raportti merkit\u00e4\u00e4n statuksella RECALIBRATED. Virheen my\u00f6nt\u00e4minen ei ole heikkous, vaan j\u00e4rjestelm\u00e4n \u00e4\u00e4rimm\u00e4inen tarkkuusmekanismi.<\/p>\n","protected":false},"excerpt":{"rendered":"<p>NEURALIS.FI v1.0 STATUS: OPERATIIVINEN \u200b \u200bMaailma on t\u00e4ynn\u00e4 kohinaa, loogisia v\u00e4\u00e4ristymi\u00e4 ja tarkoituksellista harhaanjohtamista. Neuralis on rakennettu suodattamaan t\u00e4m\u00e4 melu ja palauttamaan diskurssi sen alkuper\u00e4iseen, faktuaaliseen ytimeen. .\u200bI. ANALYYTTINEN IMPERATIIVI \u200bNeuralis ei tunnusta poliittisia ideologioita, tunnearvoja tai vakiintuneita valtarakenteita. Me analysoimme vain v\u00e4itteen sis\u00e4isen logiikan ja sen suhteen empiiriseen dataan. Jos v\u00e4ite on virheellinen, se [&hellip;]<\/p>\n","protected":false},"author":1,"featured_media":0,"parent":0,"menu_order":0,"comment_status":"closed","ping_status":"closed","template":"","meta":{"footnotes":""},"class_list":["post-24","page","type-page","status-publish","hentry"],"jetpack_sharing_enabled":true,"_links":{"self":[{"href":"https:\/\/neuralis.fi\/index.php?rest_route=\/wp\/v2\/pages\/24","targetHints":{"allow":["GET"]}}],"collection":[{"href":"https:\/\/neuralis.fi\/index.php?rest_route=\/wp\/v2\/pages"}],"about":[{"href":"https:\/\/neuralis.fi\/index.php?rest_route=\/wp\/v2\/types\/page"}],"author":[{"embeddable":true,"href":"https:\/\/neuralis.fi\/index.php?rest_route=\/wp\/v2\/users\/1"}],"replies":[{"embeddable":true,"href":"https:\/\/neuralis.fi\/index.php?rest_route=%2Fwp%2Fv2%2Fcomments&post=24"}],"version-history":[{"count":8,"href":"https:\/\/neuralis.fi\/index.php?rest_route=\/wp\/v2\/pages\/24\/revisions"}],"predecessor-version":[{"id":54,"href":"https:\/\/neuralis.fi\/index.php?rest_route=\/wp\/v2\/pages\/24\/revisions\/54"}],"wp:attachment":[{"href":"https:\/\/neuralis.fi\/index.php?rest_route=%2Fwp%2Fv2%2Fmedia&parent=24"}],"curies":[{"name":"wp","href":"https:\/\/api.w.org\/{rel}","templated":true}]}}